14596494657 a prime number?
False
Is 22194034537 composite?
False
Is 398357207 composite?
True
Is 1121766551 a composite number?
False
Is 3812401207 prime?
True
Is 20727268127 prime?
True
Is 351171517 a composite number?
False
Is 11926152949 a prime number?
True
Is 4196515621 prime?
True
Is 5333614331 a composite number?
True
Is 668979391 composite?
True
Is 29915565571 composite?
False
Is 170635592417 a prime number?
True
Is 617283019 a composite number?
False
Is 33610368203 a composite number?
True
Is 19147716586 a composite number?
True
Is 41073486653 a prime number?
True
Is 400325321 prime?
False
Is 297320801 a composite number?
True
Is 8066759521 a composite number?
False
Is 424533053 prime?
False
Is 8198520251 prime?
True
Is 509106889 a composite number?
True
Is 13162022077 a prime number?
False
Is 2477467199 a prime number?
True
Is 17408304421 a composite number?
False
Is 6938899519 a composite number?
True
Is 283136083 composite?
True
Is 8957309506 prime?
False
Is 54192669473 a composite number?
True
Is 2570176831 composite?
False
Is 2408281871 prime?
True
Is 187381387 composite?
True
Is 3137339939 a composite number?
False
Is 73112287823 a prime number?
False
Is 464818133 prime?
False
Is 1947281671 prime?
False
Is 13006378733 composite?
True
Is 4448160433 a composite number?
True
Is 22076052767 prime?
True
Is 1388393347 composite?
True
Is 102623899667 a prime number?
False
Is 1453797647 a prime number?
False
Is 102274001 composite?
False
Is 9613577189 composite?
False
Is 119437693 prime?
True
Is 166892783 prime?
True
Is 4489376891 prime?
True
Is 59493469697 a prime number?
False
Is 68430503 composite?
False
Is 11908100807 a composite number?
False
Is 105786744181 prime?
False
Is 3770204743 a composite number?
True
Is 1337533423 composite?
False
Is 33057138017 a composite number?
False
Is 5112146469 a prime number?
False
Is 288294641 prime?
True
Is 298603597 a composite number?
False
Is 2923273237 a prime number?
False
Is 6175719073 composite?
True
Is 23722413397 prime?
True
Is 12944730911 a composite number?
True
Is 73501074377 a prime number?
True
Is 126048797 prime?
False
Is 331061659 a composite number?
True
Is 31109551829 a prime number?
False
Is 65981689 prime?
True
Is 21752726357 prime?
False
Is 671691739 a prime number?
True
Is 9856866813 prime?
False
Is 21692308489 prime?
True
Is 1063456621 a composite number?
True
Is 4139360627 prime?
True
Is 6807053 a composite number?
True
Is 1111384639 a composite number?
True
Is 50065220321 a composite number?
True
Is 66065633 composite?
True
Is 356650933 a prime number?
False
Is 953539931 prime?
False
Is 250301027 a composite number?
False
Is 1527562993 a composite number?
True
Is 1317698071 a prime number?
True
Is 5555539711 a composite number?
False
Is 19641429793 composite?
False
Is 2025598709 prime?
True
Is 69296978411 prime?
True
Is 3361220579 a prime number?
False
Is 22268259613 composite?
False
Is 35753863 composite?
True
Is 2408162849 a prime number?
True
Is 330229246 composite?
True
Is 2820098857 prime?
True
Is 10596006529 composite?
True
Is 512549977 a prime number?
True
Is 56178809 a prime number?
False
Is 5941515683 composite?
True
Is 3632393861 composite?
False
Is 487198145767 a composite number?
False
Is 5930782469 a composite number?
True
Is 874315781 prime?
False
Is 19316857759 a composite number?
False
Is 11458386635 a composite number?
True
Is 158256380521 a composite number?
False
Is 84346487 a composite number?
False
Is 678374261 composite?
False
Is 268012343 composite?
False
Is 22464981937 a composite number?
True
Is 4542575077 composite?
False
Is 31977435263 composite?
False
Is 18963819419 a prime number?
True
Is 59872117639 a prime number?
True
Is 14366537131 prime?
True
Is 2712031 a composite number?
True
Is 211101520081 composite?
False
Is 31878061543 a composite number?
False
Is 399982309 a composite number?
True
Is 36085760189 a prime number?
True
Is 1365666691 composite?
False
Is 710830399 prime?
True
Is 872086091 a prime number?
False
Is 12820412599 composite?
False
Is 122570587 composite?
True
Is 33353159471 composite?
True
Is 161058577 composite?
False
Is 46787740927 a prime number?
True
Is 418852631 a composite number?
True
Is 7615656533 prime?
True
Is 2546418769 composite?
False
Is 43501047305 a composite number?
True
Is 1070652517 composite?
True
Is 17383638583 composite?
False
Is 2511978013 a prime number?
True
Is 649574239 composite?
True
Is 1888605683 a prime number?
True
Is 1656556921 prime?
False
Is 475673339 prime?
False
Is 4828089547 composite?
False
Is 382620493 a prime number?
False
Is 131315263 a prime number?
False
Is 11841080513 a prime number?
True
Is 3642034289 a prime number?
False
Is 70566045769 a prime number?
False
Is 2576030403 prime?
False
Is 165499967 a composite number?
False
Is 26121969421 composite?
False
Is 1664897993 a composite number?
True
Is 28359783671 a composite number?
False
Is 4579294957 a composite number?
False
Is 20886414583 a composite number?
False
Is 179571619 prime?
False
Is 42151754111 prime?
True
Is 6457695513 composite?
True
Is 119496135647 a prime number?
False
Is 26893421 a prime number?
False
Is 10684727869 prime?
False
Is 4100497097 a composite number?
False
Is 924965807 a composite number?
True
Is 251209601 a composite number?
True
Is 171699001 a prime number?
True
Is 401542111 a composite number?
True
Is 671136199 a composite number?
True
Is 287893750157 composite?
True
Is 9497827211 composite?
True
Is 204837366823 prime?
True
Is 91685609 a prime number?
False
Is 489438023 a composite number?
False
Is 892840181 prime?
True
Is 436327097 a composite number?
True
Is 974535131 a prime number?
False
Is 176585281 composite?
False
Is 4407987401 composite?
False
Is 1173851447 composite?
True
Is 14654778587 a prime number?
True
Is 366394541 composite?
True
Is 14577761977 a prime number?
False
Is 2460272407 composite?
False
Is 256318729 a prime number?
True
Is 25054199 a composite number?
True
Is 43305118627 a composite number?
False
Is 1736017 prime?
False
Is 1179525251 composite?
True
Is 24816164279 a prime number?
True
Is 30645418 a composite number?
True
Is 6250415893 composite?
False
Is 1450858783 composite?
True
Is 84215906029 composite?
True
Is 1057379549 prime?
False
Is 2047796579 a prime number?
True
Is 594930943 prime?
True
Is 6464583337 prime?
False
Is 4918110011 prime?
True
Is 7069471495 prime?
False
Is 24106331 prime?
False
Is 1498940301 a composite number?
True
Is 2872959797 prime?
True
Is 55582168451 prime?
False
Is 840324929 prime?
True
Is 14363495953 composite?
False
Is 45408580687 composite?
False
Is 7676379229 composite?
False
Is 3295535981 composite?
False
Is 41360439317 prime?
True
Is 134786340329 composite?
False
Is 826907729 composite?
False
Is 26193447977 prime?
True
Is 26777853581 a composite number?
False
Is 256195237 a composite number?
False
Is 1503781171 a composite number?
True
Is 26742557899 a prime number?
True
Is 14858163641 composite?
False
Is 818416903 composite?
False
Is 1148785020935 composite?
True
Is 3176331383 composite?
False
Is 11473539739 a composite number?
False
Is 2417082077 a prime number?
False
Is 3185735626 composite?
True
Is 7099374131 a prime number?
False
Is 48684051611 composite?
True
Is 4182604561 a prime number?
True
Is 20014269341 prime?
False
Is 1687476247 a composite number?
True
Is 17599381 composite?
False
Is 108066902393 a prime number?
True
Is 448400179 composite?
True
Is 41021822959 composite?
True
Is 14063472595 composite?
True
Is 43452975323 a prime number?
True
Is 339762281 composite?
False
Is 929556643 prime?
False
Is 81514908491 a prime number?
True
Is 2893380271 a prime number?
True
Is 361775649 composite?
True
Is 349172419 prime?
False
Is 15514904291 a prime number?
True
Is 310867621 prime?
True
Is 944881241 composite?
True
Is 1032058213 a composite number?
False
Is 2484759617 composite?
False
Is 53190423659 prime?
True
Is 1133188117 composite?
False
Is 1314030209 prime?
False
Is 2347148927 a composite number?
False
Is 65138826367 prime?
False
Is 301989699821 prime?
True
Is 6912766651 prime?
False
Is 13717173917 a composite number?
False
Is 23149234023 a prime number?
False
Is 4134957439 a composite number?
True
Is 2517230077 composite?
False